t(34). Give a(l).
2
Let a(w) = -w + 3. Suppose 2*c + 85 = -3*c. Let h = c - -15. Let o be 3 + (0/3 - h). Determine a(o).
-2
Suppose -75 = 67224*i - 67199*i. Let u(c) = 3*c + 2*c - 2 - 2*c. What is u(i)?
-11
Suppose 0 = -5*f - 4*i + 10 - 1, -4*f - i + 16 = 0. Suppose 14 = -f*z - g, -5*z = g + g + 18. Let l(s) be the first derivative of -3*s**2 - 2*s + 25. Give l(z).
10
Suppose 21*c + 25 = 26*c. Suppose 0*q + c*q = -30. Let o(s) = s**2 + 6*s - 1. Give o(q).
-1
Suppose -2*w = 10, 12*o = 16*o - 2*w - 106. Let u(x) = -x**2 + 23*x + 17. What is u(o)?
-7
Let z(f) = -f**3 - f**2 + f + 8. Let s be z(0). Let c be s/(-6)*(-6)/4. Let r(m) be the first derivative of m**3/3 + m**2 + m + 596. Determine r(c).
9
Let n(u) = -u**3 + 17*u**2 + 18*u - 2. Suppose 30*l + 530 = 1070. Give n(l).
-2
Let v(q) = 2*q - 7. Suppose 3*p + 34 - 34 = 0. Suppose 0 = -a + 4*w - 1, -w + p = -2*a + 12. Determine v(a).
7
Let k(t) be the third derivative of 3*t**6/40 + t**5/60 + t**4/6 + 17*t**2. Let v(b) = 27*b**3 + 3*b**2 + 11*b. Let p(o) = -8*k(o) + 3*v(o). Determine p(-1).
-9
Let q(c) = -2*c + 16. Suppose -3*i = 6, -48*p + 5 = -47*p + i. Give q(p).
2
Let j(o) = -4*o - 1. Let a = -12 + 20. Suppose -4*z = -z - 12. Let f be a/6 + z/6. What is j(f)?
-9
Suppose 0 = -5*r + 2*r + 90. Let l = -30 + r. Let h(z) = z**2 + z - 2. Determine h(l).
-2
Let f(i) be the third derivative of i**4/8 - 2*i**3/3 + 21*i**2 + 3*i. What is f(3)?
5
Let y(i) = -9*i**2 + 5*i - 29. Let b(o) = -5*o**2 + 2*o - 14. Let m(s) = -11*b(s) + 6*y(s). Calculate m(-10).
0
Let w(c) be the first derivative of -c**3/3 - 9*c**2/2 - 18*c + 662. Give w(-7).
-4
Let f(s) = -2 + s**3 - 7*s - 6*s**2 + s**3 - 3*s**3. Let p(g) = g + 4. Let k be p(-2). Let o be (-3)/((-6)/(-5))*k. Determine f(o).
8
Let u = -22 - -19. Let b(q) = -q - 1. Let a(w) = -w**2 + w + 4. Suppose 0 = 2*i - 0*i - 5*j - 8, 5*j + 11 = -i. Let t(f) = i*a(f) + u*b(f). Calculate t(-5).
14
Let d(o) be the second derivative of o**4/12 + 2*o**3 + 10*o**2 - 18*o. Give d(-9).
-7
Let i(p) be the third derivative of p**5/60 + 5*p**4/24 + 2*p**3/3 + 33*p**2 - p. Calculate i(-4).
0
Suppose -2*x + 40 = 5*o + 2*x, 4*o - 5*x + 9 = 0. Let j be (o/14)/((-5)/(-35)). Let a(f) = 5*f - 5 + 5 - 3. Calculate a(j).
7
Suppose r - 3*r = 4. Let p be r*1*(-45)/(-30). Let s(o) = o**2 + 3*o - 4. What is s(p)?
-4
Let h(z) = -z + 32. Let b be (6/8)/(2*9/552). What is h(b)?
9
Let s(x) = x - 3. Let t be s(7). Suppose -3*o = -o - t*v - 12, -8 = -o + 4*v. Let k(b) = 2*b + 2 - 2 - o - 9*b**3 + 5 + b**2. What is k(-1)?
9
Let c(n) = 13*n + 1. Suppose 4*h + 8*k + 19 = 13*k, 5*k - 17 = 2*h. Determine c(h).
-12
Let j = -16 - -10. Let h(a) = -54 + 24 - 15*a + 7*a**2 + 26 + 20*a + a**3. Give h(j).
2
Let h(o) = -o**2 - 6*o + 1. Suppose g - 1 = 0, 3*v - 9*g = -6*g - 12. Give h(v).
10
Let f(w) = 8 - 7*w + 10 - 17. What is f(1)?
-6
Let b(a) = 1 + 2*a**2 + 1 + 14*a + 3*a**3 - 19*a - 2*a**3. Determine b(-4).
-10
Let c(x) = x**2 - 4*x + 5. Let o = -155 - -159. Calculate c(o).
5
Let i(l) = l**2 + l - 5. Let q be i(-4). Let f be 1 - (-7)/(q/(-3)). Let x(y) be the third derivative of y**5/30 + y**4/8 + y**3/3 - 3*y**2. What is x(f)?
4
Let g(i) = i + 1. Let a(v) = -47*v - 8. Let h be a(3). Let m = 153 + h. Give g(m).
5
Let u(q) = -7*q**3 + 25*q**2 + 25*q + 4. Let b(t) = 3*t**3 - 12*t**2 - 12*t - 2. Let r(k) = -9*b(k) - 4*u(k). Let s be r(-7). Let z(l) = 3*l + 1. What is z(s)?
-14
Let p(c) = 5080*c - 20*c**2 - 5080*c. Determine p(1).
-20
Let m(o) = -9*o**2 - 3*o + 5. Let k(l) = -l**2. Let w(q) = 4*k(q) - m(q). Let a(t) = t**2 - 1. Let x(v) = 6*a(v) - w(v). Give x(4).
3
Let m(g) = -g**2 - 40*g + 4. Let h be m(-36). Let d = -143 + h. Let o(y) be the second derivative of y**4/12 - y**3 + 3*y**2 - y. Determine o(d).
1
Let f(k) = -k**3 - 6*k**2 + 5*k - 12. Let z be f(-7). Suppose z*w + 5 = 2*d + w, -3*w + 13 = d. Let p(r) = -r**3 + 4*r**2 - 2*r - 5. Give p(d).
-13
Let z(o) = o - 8. Let x(i) = -3. Let c(n) = 7*x(n) - 2*z(n). Let t(v) = -v**2 + 5. Let k be t(-3). Determine c(k).
3
Let a(k) = k - 16. Suppose -636 = -26*p - 80*p. Give a(p).
-10
Let v(x) = 3*x**2 - 1. Let r = 46 + -43. Suppose 0*b + 2 = -b. Let j be b/(-4) - r/(-6). Determine v(j).
2
Let x(w) be the second derivative of -w**4/6 + w**3 + w**2 - 218*w. Determine x(7).
-54
Let o(c) = -3*c + 6. Let y = -52 - -63. Suppose -7*f + 31 = -y. What is o(f)?
-12
Let w(h) = 1 + 37 + 473949*h - 473953*h. Calculate w(10).
-2
Suppose 0 = -2*v - 2*h + 8, h - 36 = -5*v + 4*h. Suppose 0 = -43*y + 41*y + v. Let a(z) = 2 + 0 - 5*z - 4 + 7*z. What is a(y)?
4
Let n(s) = 5*s + 1. Let l(x) = x**2 + 12*x - 9. Let r be l(-13). Let f(g) = -g**3 + 5*g**2 - 5*g + 7. Let t be f(r). Give n(t).
16
Let v(c) = -c + 2. Let t be ((-6)/(0 - 6))/(2/6). Suppose 0 = -3*y + 15, -5*h + 3*y - 9 = -t*h. Give v(h).
-1
Let r = -2211 - -2221. Let m(a) = -3*a + 25. Give m(r).
-5
Let q(m) = m**3 - 21*m**2 + 38*m - 7. Let o be q(19). Let i be ((-60)/70)/(1/o). Let c(y) = -5*y + 8. Calculate c(i).
-22
Let f(t) = -t**2 - 6*t + 8. Let s be f(-4). Suppose -2*j - 27 = 4*o - 1, -5*o = -3*j + s. Let b(h) = -h**3 - 5*h**2 - 4*h - 3. Determine b(j).
-9
Let z(v) = -8 + 15*v - 4 - 27*v + 15*v. Give z(7).
9
Let a(m) = m**3 + 8*m**2 - 10*m - 9. Let k(i) = i**3 + 10*i**2 + 9*i + 11. Let n be k(-4). Let p = 62 - n. What is a(p)?
0
Let q(l) = -8 - 7*l - 9 + 8*l. Let m(n) = 3*n**2 + 6*n + 7. Let b be m(-2). Give q(b).
-10
Let f(a) = 182*a**2 - 10*a**3 - 182*a**2 + a. What is f(-1)?
9
Let u(p) be the second derivative of -p**3/6 + 9*p**2/2 + 8*p. Let c be u(7). Let o(l) = -l - c - 1 + 3*l. Give o(6).
9
Let t be (-12 + 8 - -18) + -16. Let m(q) = -4*q - 1 - 3*q**2 - 1 + 2*q**2. Give m(t).
2
Let l(i) = i**2 - i. Let u(h) = h**3 + 3*h**2 - 7*h - 5. Let b(f) = 6*l(f) - u(f). Calculate b(3).
8
Suppose -298*f + 315*f + 102 = 0. Let c(t) = -5*t**3 + 5*t**2 - 4*t - 3. Let j(k) = -4*k**3 + 5*k**2 - 4*k - 2. Let m(d) = 5*c(d) - 6*j(d). Determine m(f).
9
Let v(w) = -w**2 - 8*w + 5*w**2 - 5*w**2. Let a be v(-7). Let i(r) = 15*r - 11. Let x(h) = -22*h + 16. Let f(n) = a*i(n) + 5*x(n). Determine f(2).
-7
Let w(a) = a - 9. Let s(r) = -17. Let h(n) = s(n) - w(n). What is h(-11)?
3
Let b(n) = n**3 - 4*n**2 - 3*n + 7. Let y = 25 + -16. Let l = y - 0. Let c be 2/l + (-129)/(-27). Calculate b(c).
17
Let r(g) = -g**3 - 7*g**2 - g + 5. Suppose -a - 5*s - 7 = 0, 2*a = 2*s - 7*s - 14. What is r(a)?
12
Let k(c) = 6*c**3 - 2*c**2 - 4*c - 2. Suppose 7*j + 288 = 281. What is k(j)?
-6
Let b be (-4)/22 - 356/(-22). Suppose 4*g - b = 0, -2*n + 2*g - 2 = n. Let s(a) = a - 6*a + n*a - 6*a. Calculate s(-1).
9
Let y(o) = -13320*o**3 + 6 + 13321*o**3 - 5*o**2 - o - 13. Determine y(6).
23
Let t(j) be the second derivative of -j**5/60 + j**4/24 + j**3/3 - 25*j**2/2 - 14*j. Let o(b) be the first derivative of t(b). What is o(0)?
2
Let w(x) = x**3 + 11*x**2 + 9*x - 11. Let p be w(-10). Let d(k) = -k**2 - k - 1. Let r(z) = -7*z - 2. Let s(l) = p*r(l) - d(l). Determine s(-6).
-9
Suppose -2*w + y - 25 = 0, 8*y = -5*w + 3*y - 25. Let k(v) = v**3 + 10*v**2 - 8. Calculate k(w).
-8
Let j(c) = -c - 1. Let n be j(6). Suppose 4*m + 12 = 0, 0 = 4*y + 2*m + 2*m. Let p(t) = -35 + 16*t - 2*t**2 + 30 - 9*t + y*t**2. Calculate p(n).
-5
Let x(t) be the first derivative of 5*t**2/2 - 3*t + 41. Determine x(2).
7
Let s(c) be the second derivative of c**4/12 - 13*c**3/6 + 5*c**2 + 4*c + 17. What is s(13)?
10
Let g(q) = -23*q - 185. Let f be g(-8). Let c(h) = -5*h**3 + h**2 - 1. Give c(f).
5
Let m(d) = d**2 - 3*d**2 + 25 - 12 - 12 + d**2 - 4*d**3. Determine m(-1).
4
Suppose 14*s - 217 - 49 = 0. Let f = 18 - s. Let a(x) = -7*x + 1. Determine a(f).
8
Let a = 82 - 86. Let r(h) = 15*h**2 + 9*h - 11. Let z(y) = -8*y**2 - 5*y + 6. Let u(x) = a*r(x) - 7*z(x). Give u(2).
-16
Suppose 2*g - 8 = -5*t - 0*t, -2*t - g + 3 = 0. Let v(w) be the second derivative of 4*w + 2/3*w**3 + 1/2*w**t + 0. Give v(-1).
-3
Suppose -3*w - d + 16 = 0, 3*w - 15 = 2*d + 7. Let s(z) = w - z**2 - 3 - 2*z - 4. Calculate s(-3).
-4
Let r(l) = l - 9. Suppose 4*t - w = -25, -8 + 3 = -5*w. Let x be 20/3 + -6 - 44/t. Give r(x).
-1
Let g(h) = -h**3 + h**2 + 1. Let t(r) = 6*r**3 - 2*r**2 - 2*r - 9. Let j(k) = -5*g(k) - t(k). Let q(y) = y**3 - 10*y**2 + 8*y + 6. Let o be q(9). What is j(o)?
-2
Let i be (9 - (-2 - -10))*(-1 + (1